 of i and b?
12
Let w(x) = -6*x - x - 3 - 5*x. Suppose 4*c = -0*c - 8. Let b be w(c). What is the highest common factor of 7 and b?
7
Let u be (8/(-3))/((-2)/6). Suppose 61 = 15*y - 59. What is the greatest common divisor of y and u?
8
Suppose -s + 4*x + 5 = 0, 3*s = 5*s - 2*x - 10. Let i be 2 + (-4)/2 + 2. What is the highest common divisor of i and s?
1
Suppose -2*f - 5*t = -6*f - 9, -2*t + 10 = 0. Suppose -602 = -4*q + 2*g, -115 = f*q - 3*g - 712. Calculate the highest common factor of 17 and q.
17
Suppose s - 12 = -4*t - 3*s, 0 = -t + 2*s + 6. Suppose 3 = 4*o + 4*u - 5, o - t*u - 17 = 0. Calculate the highest common factor of 35 and o.
5
Let x = -29 - -44. Calculate the greatest common factor of x and 135.
15
Let h = 24 + -62. Let d = h + 68. What is the greatest common divisor of 75 and d?
15
Let r = -32 - -42. What is the greatest common factor of 130 and r?
10
Let c be (-2 - -8) + -1*1. Suppose -c = t - 65. What is the highest common divisor of 12 and t?
12
Let b(z) = z**3 - 5*z**2 + 6*z - 1. Let k be b(4). Suppose 3*q + 34 + 464 = 0. Let x = -89 - q. Calculate the greatest common factor of x and k.
7
Let p be 348/14 - (-6)/42. Calculate the highest common divisor of 275 and p.
25
Let j(o) = 15*o. Suppose -4 = -4*r, -7*u + 3*u = 4*r - 8. Let v be j(u). Let b be (-3)/5 - 624/(-40). What is the highest common divisor of v and b?
15
Let l = 29 + -11. Let v = l - 10. Let q be ((-5)/2)/((-4)/64). What is the highest common factor of q and v?
8
Suppose l - 4 = -0. What is the highest common factor of 12 and l?
4
Suppose 0 = -6*r + 3*r + 12. Let p(g) = 12 + r*g**2 - g - 5*g**2 + 22. Let k be p(0). What is the greatest common divisor of k and 17?
17
Let z = -97 - -125. Calculate the greatest common divisor of 28 and z.
28
Suppose -806 - 514 = -4*w. Calculate the highest common factor of 30 and w.
30
Suppose 0*h + h = 140. Let c be 6/(-3) + 2 + 20. What is the greatest common divisor of h and c?
20
Suppose l + 35 = i - 2*l, 5*i - 164 = 4*l. Suppose 6*p - 12 = -2*o + 2*p, -2*o = -2*p - 6. What is the greatest common factor of o and i?
4
Suppose 2*k = 5*q + 29, -k + 4*k = -3*q + 12. What is the greatest common factor of 77 and k?
7
Suppose 0 = -3*t - 9, -3*t = -2*h - 0*t + 45. Suppose 0 = 2*y - y - 2. What is the greatest common divisor of y and h?
2
Let o = 11 + -16. Let g = o - -8. What is the highest common divisor of 30 and g?
3
Let z be (3/(-1))/(-1 - 0). Let u be -16*5*z/(-2). Calculate the greatest common factor of u and 15.
15
Let f = 12 - 11. Calculate the highest common factor of 1 and f.
1
Let z(s) = -s - 2. Let r be z(0). Let d(m) = m**3 + 2*m**2 + 2. Let j be d(r). Calculate the highest common divisor of j and 1.
1
Let l = -2 + 4. Suppose 0 = 3*w + g - 366, w - 478 = -3*w + l*g. Calculate the highest common factor of w and 11.
11
Let v(m) = -156*m. Let n be v(-2). Suppose 2*c - n = -c. What is the greatest common divisor of c and 13?
13
Suppose -41 = -5*q - 0*l + l, 3*q + 4*l = 20. Calculate the greatest common divisor of q and 88.
8
Let m = 3 - -10. Let b be (0 - (1 + -2))*104. Calculate the greatest common divisor of b and m.
13
Let b = 82 - -263. Calculate the highest common divisor of 15 and b.
15
Let c(w) = w**3 + w**2 - w - 3. Let i be c(2). What is the greatest common divisor of 56 and i?
7
Let u(l) = l**2 - 2*l + 20. Let y be u(5). Calculate the highest common divisor of 315 and y.
35
Let w(v) = v**3 + 3. Let q be w(5). Calculate the greatest common divisor of q and 16.
16
Let r(h) = -h**3 + 7*h**2 - 2*h - 7. Let l be r(6). Let z be 6*8/3 + 1. Calculate the greatest common divisor of l and z.
17
Suppose -6*d - u = -d - 101, 2*u = 5*d - 98. Let z = 5 + 3. Suppose -25 = 3*k - z*k. What is the greatest common divisor of d and k?
5
Let m be 1/4*30*2. What is the highest common factor of m and 15?
15
Let p(v) = 4 + v + 4 - 2. Let z be p(5). Calculate the highest common divisor of z and 11.
11
Suppose -4*c + 454 + 1134 = -x, -5*c = -x - 1984. What is the greatest common factor of 36 and c?
36
Suppose 2*a = 4*l - 16, l = 4*l + 2*a - 19. What is the highest common divisor of l and 5?
5
Let z(p) = -p**2 + 5*p + 5. Let j be z(5). Suppose -8*v - 2*l = -4*v - 58, -j*v = -3*l - 45. Calculate the greatest common divisor of 48 and v.
12
Let o(b) be the second derivative of -b**3/6 - b**2/2 + 2*b. Let j be o(-5). Suppose -x = 1 - j. Calculate the greatest common factor of 3 and x.
3
Let a(z) = -z**3 - 4*z - 10. Let g be a(-4). Calculate the greatest common divisor of 20 and g.
10
Let f = 68 + -54. Calculate the greatest common divisor of 7 and f.
7
Let r(n) = n**3 + 6*n**2 + 2*n - 3. Let h be r(-5). What is the highest common factor of h and 8?
4
Let i be (3 - -1)/(6/6). Let q(t) = -2*t**3 - 10*t**2 - 9*t - 4. Let j be q(-6). Suppose -22 = -i*r + j. Calculate the highest common factor of r and 24.
12
Let v be (-2 - 12/(-15))*-60. What is the highest common factor of 8 and v?
8
Let g(z) = z**2 - 2*z - 10. Let u be g(6). Calculate the highest common factor of u and 42.
14
Suppose 0 = 6*f - f - 105. What is the highest common factor of 105 and f?
21
Let c(p) = -2*p + 29. Let z be c(7). What is the greatest common divisor of z and 45?
15
Let d = 1018 - 550. Suppose 3*w - d = 15. What is the greatest common factor of 23 and w?
23
Let u(w) = 5*w + 3. Let x be u(3). Calculate the highest common factor of x and 18.
18
Let s be 884/7 - 10/35. Suppose 4*o + 2*o = s. What is the greatest common factor of o and 147?
21
Suppose 0 = 5*k - 17 + 7. Suppose u + k*u = 66. Calculate the greatest common factor of 33 and u.
11
Let z(t) = t**2 - 5*t - 8. Suppose -2*g + 15 = 1. Let x be z(g). What is the highest common factor of x and 12?
6
Let t(r) = r**3 + 17*r**2 + r + 20. Let w be t(-17). What is the highest common factor of 6 and w?
3
Let r(h) = -h**3 + 12*h**2 + 15*h - 18. Let q be r(13). What is the greatest common factor of q and 88?
8
Let f(h) be the second derivative of -h**4/12 + 5*h**3/3 - 9*h**2/2 - h. Let b be f(6). What is the greatest common divisor of 10 and b?
5
Let a(h) = h**3 - 6*h**2 - 5*h + 1. Let j be a(7). Let f = -11 + j. Let w = -3 + f. What is the greatest common factor of 4 and w?
1
Let t = 13 + -9. Let i(a) = 1. Let w(v) = v**2 - 10*v + 9. Let b(g) = 4*i(g) - w(g). Let n be b(7). Calculate the highest common divisor of t and n.
4
Suppose 4*c - 316 = 2*g, 4*c - 340 = -5*g - 38. Calculate the highest common factor of 26 and c.
26
Let g = 176 - 134. What is the greatest common divisor of g and 21?
21
Let d be -3 + (9 - -2)/1. Calculate the highest common divisor of d and 32.
8
Let h(o) = 9*o**3 - o**2 - 4*o + 5. Let b be h(2). What is the greatest common factor of b and 5?
5
Suppose 10*l + 2*l = 432. Let g(c) be the first derivative of -13*c**2/2 - 2*c - 1. Let k be g(-2). Calculate the greatest common divisor of l and k.
12
Let a be ((-228)/(-15))/(4/10). What is the greatest common factor of 38 and a?
38
Suppose -163 = -3*v + p, -219 = -4*v - p + 4*p. Suppose 5*c + v = 194. What is the highest common divisor of c and 42?
14
Suppose -5*t + 201 - 81 = 0. Suppose -i + t = i. What is the greatest common divisor of 48 and i?
12
Suppose 0 = -2*k - 6*k + 40. What is the greatest common divisor of k and 35?
5
Let y = 3 - -2. Suppose -275 = -21*l + 10*l. What is the highest common divisor of l and y?
5
Let a = 4 + -1. Let t(r) = 5*r**3 - 3*r**a + 3 + r - 3*r**3. Let b be t(0). What is the highest common divisor of b and 3?
3
Let t = -12 - -3. Let u = t + 15. What is the greatest common factor of u and 30?
6
Let y = 2 + 2. Let b be 4/(-14) - y/(-14). Suppose b*v - 18 = -2*v. What is the greatest common factor of v and 9?
9
Let i(t) = t**3 + 0*t**2 - 3*t**2 - 5*t - 7 + 0*t. Let p be i(5). Let w = 99 + -54. What is the highest common divisor of w and p?
9
Let m = -39 + 45. What is the highest common divisor of m and 42?
6
Suppose -88 = 2*c + 28. Let u be (0 - (1 + 1)) + c. Let t be 2/((-63)/u + -1). What is the greatest common factor of 16 and t?
8
Suppose 7*f + 11 = 6*f. Let m = 6 - f. Let u(d) = -2*d + 7. Let g be u(-5). Calculate the greatest common factor of g and m.
17
Suppose 20*s = 5870 - 950. Calculate the greatest common divisor of s and 41.
41
Let z = 25 + -18. Calculate the highest common factor of z and 77.
7
Let z = -6 - -1. Let m(